uppose 0 = -2*h - 4*f + k, 0 = 5*h - 0*h - 2*f - 135. Suppose -h = 5*y - 169. What is the units digit of y?
8
Let h = -410 + 578. Suppose 2*q - 54 = -5*k, q + 4*q = 4*k + h. What is the tens digit of q?
3
Let z(m) = m**3 - m**2 + m + 6. Let h be z(0). Suppose h*d = -0*d + 1158. What is the units digit of d?
3
Let x(y) be the second derivative of y**5/10 - y**4/4 - 5*y**3/6 + 3*y**2/2 - 8*y - 2. What is the units digit of x(4)?
3
Let x = 849 + -513. Suppose 5*n - 3*s - 536 = -2*s, -3*n + x = 3*s. What is the tens digit of n?
0
Suppose 4*u + 1 = -v - 8, 0 = -4*v - u + 9. Suppose v*j = -3*n + 132, j - 47 = -2*n - 0*n. What is the tens digit of j?
4
Suppose -19*r + 7738 = 1696. What is the units digit of r?
8
Suppose 0 = -2*g - 3*g + 25. Suppose 187 + 63 = g*z. Suppose 0 = i + i - w - z, -2*w = -5*i + 126. What is the units digit of i?
6
Suppose 18*o = 10*o + 5096. What is the tens digit of o?
3
Let m be -4*133/(-56) + 1/(-2). Suppose -m*s + 216 = -7*s. What is the tens digit of s?
0
Let q(t) = 7*t + 2. Suppose 18*m - 20*m = -30. What is the units digit of q(m)?
7
Let g(d) = 13*d + 1. Let u be g(3). Suppose -k + u = -6*k. Let n = k - -9. What is the units digit of n?
1
Suppose -4*z + 245 = -71. Suppose 45 = c - z. What is the hundreds digit of c?
1
Let u = 47 + -45. Suppose -847 = -9*b - u*b. What is the tens digit of b?
7
Suppose 0*o + o - 4 = 0. Suppose -o*s + 19 + 25 = 0. Let j = s - -28. What is the tens digit of j?
3
Suppose 4*s - 12 - 8 = 0. Suppose j = s + 1. Let p = 3 + j. What is the units digit of p?
9
Let d = -172 - -245. Let i = d - 36. What is the tens digit of i?
3
Let c(r) = 115*r + 42. What is the hundreds digit of c(5)?
6
Let h(r) = -1066*r - 67. What is the hundreds digit of h(-1)?
9
Let d be -80*(-52 - 6)/(3 - -2). Suppose 5*l - d = -3*k, 5*l - 3*k + 8*k = 930. What is the units digit of l?
5
Let z be (1 - 3)*(-20)/8. Let l be 3/z + 30/75. What is the units digit of 58/2 + (-2 - l)?
6
What is the tens digit of 8*(-1 - (-143 + 1))?
2
Let n(h) = -h**3 - 6*h**2 - 2*h + 4. Let j be 1/4 + (-3)/((-24)/(-58)). What is the tens digit of n(j)?
6
Suppose -2*i - 2*i + 12 = 0. Suppose m + 2 = s, 0 = -i*s - 2*s + 4*m + 10. Suppose 3*z + 5*b = 10, 4*z + s*b + 3*b = 15. What is the units digit of z?
5
Suppose 3*j + 19 = 3*d + 1, 0 = 4*d. Let y(u) = u**3 + 6*u**2 + u. Let c be y(j). What is the tens digit of (51/c + 3)*-2?
1
Let s = 1157 + -589. Let v be 3/((-6)/s*-2). Suppose 2*z - 102 = -3*c, -5*z - 4*c - v = -404. What is the units digit of z?
4
Let b(z) = 167*z + 619. What is the hundreds digit of b(12)?
6
Let j = 1019 - 152. What is the tens digit of j?
6
Let b be (-72)/(-20) + 6/15. Suppose -3*n + 65 = -0*p + 2*p, -b*p - n = -145. What is the tens digit of p?
3
Let r = -59 + 60. What is the hundreds digit of 71/r*(7 + -5) - 2?
1
Suppose 4*o + 16 + 16 = v, 5*o + 5*v + 65 = 0. Let a = -22 - o. Let z = -9 - a. What is the units digit of z?
4
What is the units digit of (810/4)/(10/(-20)*-1)?
5
Let m be 1/3 - (-609)/9. Let h = m - 6. What is the tens digit of h?
6
What is the units digit of 4/(4/786*2)?
3
Let i be 2/(-6) - 5/30*-26. Suppose -8*u = i*u - 2772. What is the units digit of u?
1
Let l be (-1)/((-15)/(-12) + -1). Let y = l - -7. Suppose 4*d - 52 - 42 = -2*a, -2*d - y*a = -45. What is the units digit of d?
4
Let d(m) = 114*m + 21. What is the units digit of d(1)?
5
Suppose -7*f - 7072 = -33*f. What is the tens digit of f?
7
What is the hundreds digit of 4 + (601 + -6 - 4) + -1?
5
Let g = -10 - -10. Suppose 4*o - 12 = -g*o. Suppose -o*j + 64 + 5 = 0. What is the units digit of j?
3
What is the units digit of 415 + (-48)/(-6) - -11?
4
Suppose 771 + 214 = 5*x. What is the hundreds digit of x?
1
Let f(v) = v**3 + 16*v**2 - 13*v + 15. Let c(q) = q**3 + 15*q**2 - 12*q + 16. Let y(l) = 6*c(l) - 5*f(l). What is the tens digit of y(-9)?
6
What is the hundreds digit of (-3113)/(-5) - (-6 + (-99)/(-15))?
6
Let b(h) = -h - 4. Let p be b(-4). Suppose 0 = 3*k + 12, -4*v - 2*k + p*k = -16. Suppose -2*m + 3*s + 8 = 0, -s + 7 = -3*m - v*s. What is the units digit of m?
1
Suppose 4*n = 3*o - 4145, n = 5*o - 6595 - 302. What is the hundreds digit of o?
3
Let l be ((-9)/12)/((-12)/64). Suppose 266 + 262 = l*g. What is the units digit of g?
2
What is the units digit of (-12)/(-8) + 2233/22?
3
Suppose 5*z + 168 - 1138 = 0. Suppose -50*o = -51*o + z. What is the units digit of o?
4
Let o be (5/(-10))/((-1)/142). What is the hundreds digit of o*(0 - -4)/(3 + -1)?
1
Suppose g + 52 = 2*w, 3*g - 103 - 1 = -4*w. Suppose u - 2*u = -w. Let k = u + -12. What is the tens digit of k?
1
Let o(i) = i**3 + 14*i**2 + 10*i + 55. What is the units digit of o(-12)?
3
Let w(y) = 14*y - 18. What is the units digit of w(10)?
2
Let g(y) = y**2 + 56. Let u be g(0). Let o = -47 + u. What is the units digit of o?
9
Let x = -2269 - -3251. What is the tens digit of x?
8
Suppose 0*q - 42 = -2*q - 4*n, 0 = 5*n - 25. Let b(p) be the first derivative of 3*p**2/2 - 9*p + 5. What is the tens digit of b(q)?
2
Let z(j) = j**3 - 37*j**2 - 29*j + 97. What is the hundreds digit of z(38)?
4
What is the hundreds digit of 363*((-59)/3 - 1)/(-2)?
7
Let o be (20/(-12) - -3)*-36. Let n = o - -85. What is the tens digit of n?
3
Let t = -27 + 12. Let c = t - -46. What is the units digit of c?
1
Let h = -433 - -1835. What is the units digit of h?
2
Let n be (1 - -14)*5/15. Suppose g + 2*g - 3*a = 210, -n*g + 310 = 3*a. What is the units digit of g?
5
Let a be (148/12)/1*3. Suppose t + a + 51 = q, 0 = t + 4. Suppose -d - q = -4*d. What is the units digit of d?
8
Suppose -3 - 51 = -4*d + q, -5*d - 3*q = -76. Let z = d + -12. Suppose -z*t = a - 11, 5*t = 2*a + 13 + 19. What is the units digit of t?
6
Let x(w) = w**2 - w + 1. Let o(n) = -5*n**2 - 32*n + 24. Let y(f) = o(f) + 3*x(f). What is the tens digit of y(-16)?
7
Let n be (-396)/(-110) + 1 + 6/(-10). Suppose -n*q = -222 - 118. What is the tens digit of q?
8
Suppose -458 = 3*v - 5*v + 2*a, -672 = -3*v - 2*a. What is the tens digit of v?
2
Suppose -5*b = -10, -n = 3*n + 2*b - 64. Let m = n + -5. What is the tens digit of m?
1
Let r = 2125 - 904. What is the units digit of r?
1
Let l(a) be the third derivative of -13*a**6/40 + a**5/20 + a**4/12 - 17*a**2. What is the tens digit of l(-1)?
4
Let c(x) = 3*x**3 + x**2 - 3*x + 1. Let y be c(1). Suppose y*u + 4*q - 120 = -3*u, 3*u - 85 = -5*q. What is the tens digit of u?
2
Let o(d) = -d**2 + 12*d. Let f be o(7). Suppose 4*z - 2*z = 5*i - f, 0 = -4*i + 2*z + 30. Let k = i + 19. What is the tens digit of k?
2
Let h = -47 - -91. Suppose -7*r + 142 = h. What is the units digit of r?
4
Let m be -3*3*(-2)/9. Suppose t - 7*l + 2*l = 22, 3*l + 65 = m*t. What is the tens digit of t?
3
Let k = -5 - -13. Suppose 3*b = k*b - 170. What is the tens digit of b?
3
Suppose 2*q = -2*h + 1084, 5*q - 6*q + 5*h = -512. What is the hundreds digit of q?
5
Suppose 5*u + 10 = -5*d, u - 3 = -5*d - 5. Let v be 8/6 + 80/30. What is the units digit of v/6*(36 + d)?
4
Let s be (6*1)/((-12)/(-30)). Let r = -12 + s. Suppose 0 = -3*p, -l + r*p = 2*l - 60. What is the tens digit of l?
2
Let j = 3 + -5. Let w = 5 + j. Suppose w*r - 43 - 20 = 0. What is the units digit of r?
1
Let d = 890 + -160. What is the hundreds digit of d?
7
Let b be (0/(2 - 0))/2. Suppose b = 4*t - 58 - 66. What is the tens digit of t?
3
What is the hundreds digit of (276/(-8))/(-1 + (-10)/(-12))?
2
Let m = 29 - 24. Suppose m*z - 352 - 13 = 0. What is the units digit of z?
3
What is the units digit of -4*1/8*-1418?
9
Let y(c) = 5*c**3 + 3*c**2 - 2*c - 1. Let l be y(-3). Let h = -15 - l. What is the units digit of h?
8
Suppose -54*u + 98162 = 9440. What is the thousands digit of u?
1
Let k = 24 - 24. Suppose -4*p = -0*d - 4*d + 120, -5*d - 3*p + 190 = k. What is the tens digit of d?
3
Suppose -11*x = -7*x - 1404. Let p = x + -225. What is the tens digit of p?
2
Let r = 53 - 73. What is the units digit of (0 + -2)/(r/8)*80?
4
Suppose 0 = -d - 2*d. Suppose d = j + 3*c - 156, -3*j - c + 312 = -j. Suppose 2*b - 18 = 2*y - 96, -b = -4*y + j. What is the units digit of y?
9
Let h = -23 - -62. Let r = 15 + h. What is the units digit of r?
4
Suppose 4*s + o - 11 = 0, 2*s - 19 = -3*s + 4*o. Suppose -s*a + 119 = -16. Suppose -a = -2*j - 15. What is the units digit of j?
5
Let